{"id":2310,"date":"2022-12-12T03:32:20","date_gmt":"2022-12-12T03:32:20","guid":{"rendered":"https:\/\/lyaelectricosyconstrucciones.com\/?post_type=product&#038;p=2310"},"modified":"2026-03-10T00:10:11","modified_gmt":"2026-03-10T00:10:11","slug":"conectividad","status":"publish","type":"product","link":"https:\/\/lyaelectricosyconstrucciones.com\/?product=conectividad","title":{"rendered":"CONECTIVIDAD"},"content":{"rendered":"<p>Productos de cableado estructurado de alta calidad y alto desempe\u00f1o. Nuestros \u00a0productos incluye varias opciones para Categor\u00edas7 &#8211; 6\u00aa &#8211; 6 y 5e.<\/p>\n<p><strong>CABLE UTP <\/strong><\/p>\n<p>El\u00a0<strong>cable UTP<\/strong>\u00a0se utiliza\u00a0<strong>para<\/strong>\u00a0establecer conexiones de red.<\/p>\n<p><strong>JACKS<\/strong>:<\/p>\n<p>Conector \u00a0hembra Este forma parte esencial para realizar conexiones.<\/p>\n<p><strong>FACEPLATE : <\/strong><\/p>\n<p>Dise\u00f1adas para la conexi\u00f3n de puntos de de voz, datos y otras necesidades de comunicaci\u00f3n en sistemas de Cableado Estructurado<\/p>\n<p>Planos\u2013<\/p>\n<ul>\n<li>Sencillos<\/li>\n<li>Dobles<\/li>\n<li>Triples<\/li>\n<li>Cuadruples<\/li>\n<\/ul>\n<p>Angulados:<\/p>\n<ul>\n<li>Sencillos<\/li>\n<li>Dobles<\/li>\n<\/ul>\n<p><strong>PLUG RJ45 : <\/strong><\/p>\n<p><strong>RJ45<\/strong>\u00a0es un conector que se utiliza para conectar a redes dispositivos mediante un cable que puede ser de hasta 8 hilos<\/p>\n<p>Blindado\u00a0 \u00a0\u00a0\u00a0\u00a0\u00a0\u00a0\u00a0\u00a0\u00a0\u00a0\u00a0\u00a0\u00a0\u00a0\u00a0\u00a0\u00a0\u00a0\u00a0\u00a0\u00a0\u00a0\u00a0\u00a0\u00a0\u00a0\u00a0\u00a0\u00a0\u00a0\u00a0\u00a0\u00a0\u00a0\u00a0\u00a0\u00a0\u00a0\u00a0\u00a0\u00a0\u00a0\u00a0\u00a0\u00a0\u00a0\u00a0\u00a0\u00a0\u00a0\u00a0\u00a0\u00a0\u00a0\u00a0\u00a0\u00a0\u00a0\u00a0\u00a0\u00a0\u00a0\u00a0\u00a0\u00a0\u00a0\u00a0\u00a0\u00a0\u00a0\u00a0\u00a0 Transparente<\/p>\n<p><strong>PATCH CORD :<\/strong><\/p>\n<p>Accesorio para realizar conexiones en salas de telecomunicaciones (cross-connect) y para la distribuci\u00f3n de servicios en el \u00e1rea de trabajo.<\/p>\n<p>Categorias 5e, 6, 6\u00aa y 7<\/p>\n<p>1 mts\u00a0\u00a0\u00a0\u00a0\u00a0\u00a0\u00a0\u00a0\u00a0\u00a0\u00a0\u00a0\u00a0\u00a0\u00a0\u00a0\u00a0\u00a0\u00a0\u00a0\u00a0\u00a0\u00a0\u00a0\u00a0\u00a0\u00a0\u00a0\u00a0\u00a0\u00a0\u00a0\u00a0\u00a0\u00a0\u00a0\u00a0\u00a0\u00a0\u00a0\u00a0\u00a0\u00a0\u00a0\u00a0\u00a0\u00a0\u00a0\u00a0\u00a0\u00a0\u00a0 \u00a0\u00a0 2 mts\u00a0\u00a0\u00a0\u00a0\u00a0\u00a0\u00a0\u00a0\u00a0\u00a0\u00a0\u00a0\u00a0\u00a0\u00a0\u00a0\u00a0\u00a0\u00a0\u00a0\u00a0\u00a0\u00a0\u00a0\u00a0\u00a0\u00a0\u00a0\u00a0\u00a0\u00a0\u00a0\u00a0\u00a0\u00a0\u00a0\u00a0\u00a0\u00a0\u00a0\u00a0\u00a0\u00a0\u00a0\u00a0\u00a0\u00a0\u00a0 \u00a0\u00a0\u00a0\u00a0 3 mts<\/p>\n<p><strong>PATCH PANEL: <\/strong><\/p>\n<p>Un\u00a0patch panel\u00a0es un dispositivo de red eficaz y flexible para mantener organizado tu centro de datos o sala de servidores<\/p>\n<p>Patch panel 24 puertos<\/p>\n<p>Patch Panel 48 puertos<\/p>\n<p>PACHT PANEL 24 PUERTOS ANGULADO<\/p>\n<p>PACHT PANEL 48 PUERTOS ANGULADO<\/p>\n<p>Bota Protectora rj45<\/p>\n<p><strong>CABLES ELECTRICOS <\/strong><\/p>\n<p>Son conductores el\u00e9ctricos recubiertos de un material aislante que garantiza que el flujo de corriente sea el conductor, el material de los conductores es cobre o aluminio<\/p>\n<ul>\n<li>Alambre \u2013 Desnudo<\/li>\n<li>Cables<\/li>\n<li>Encauchetado<\/li>\n<li>Duplex<\/li>\n<\/ul>\n","protected":false},"excerpt":{"rendered":"<p><strong>CONECTIVIDAD:<\/strong><\/p>\n<p>Productos de cableado estructurado de alta calidad y alto desempe\u00f1o. Nuestros \u00a0productos incluye varias opciones para Categor\u00edas7 &#8211; 6\u00aa &#8211; 6 y 5e.<\/p>\n<p><strong>CABLE UTP <\/strong><\/p>\n<p>El\u00a0<strong>cable UTP<\/strong>\u00a0se utiliza\u00a0<strong>para<\/strong>\u00a0establecer conexiones de red.<\/p>\n<p><strong>JACKS<\/strong>:<\/p>\n<p>Conector \u00a0hembra Este forma parte esencial para realizar conexiones.<\/p>\n<p><strong>FACEPLATE : <\/strong><\/p>\n<p>Dise\u00f1adas para la conexi\u00f3n de puntos de de voz, datos y otras necesidades de comunicaci\u00f3n en sistemas de Cableado Estructurado<\/p>\n<p>Planos\u2013<\/p>\n<ul>\n<li>Sencillos<\/li>\n<li>Dobles<\/li>\n<li>Triples<\/li>\n<li>Cuadruples<\/li>\n<\/ul>\n<p>Angulados:<\/p>\n<ul>\n<li>Sencillos<\/li>\n<li>Dobles<\/li>\n<\/ul>\n<p><strong>PLUG RJ45 : <\/strong><\/p>\n<p><strong>RJ45<\/strong>\u00a0es un conector que se utiliza para conectar a redes dispositivos mediante un cable que puede ser de hasta 8 hilos<\/p>\n<p>Blindado\u00a0 \u00a0\u00a0\u00a0\u00a0\u00a0\u00a0\u00a0\u00a0\u00a0\u00a0\u00a0\u00a0\u00a0\u00a0\u00a0\u00a0\u00a0\u00a0\u00a0\u00a0\u00a0\u00a0\u00a0\u00a0\u00a0\u00a0\u00a0\u00a0\u00a0\u00a0\u00a0\u00a0\u00a0\u00a0\u00a0\u00a0\u00a0\u00a0\u00a0\u00a0\u00a0\u00a0\u00a0\u00a0\u00a0\u00a0\u00a0\u00a0\u00a0\u00a0\u00a0\u00a0\u00a0\u00a0\u00a0\u00a0\u00a0\u00a0\u00a0\u00a0\u00a0\u00a0\u00a0\u00a0\u00a0\u00a0\u00a0\u00a0\u00a0\u00a0\u00a0\u00a0 Transparente<\/p>\n<p><strong>PATCH CORD :<\/strong><\/p>\n<p>Accesorio para realizar conexiones en salas de telecomunicaciones (cross-connect) y para la distribuci\u00f3n de servicios en el \u00e1rea de trabajo.<\/p>\n<p>Categorias 5e, 6, 6\u00aa y 7<\/p>\n<p>1 mts\u00a0\u00a0\u00a0\u00a0\u00a0\u00a0\u00a0\u00a0\u00a0\u00a0\u00a0\u00a0\u00a0\u00a0\u00a0\u00a0\u00a0\u00a0\u00a0\u00a0\u00a0\u00a0\u00a0\u00a0\u00a0\u00a0\u00a0\u00a0\u00a0\u00a0\u00a0\u00a0\u00a0\u00a0\u00a0\u00a0\u00a0\u00a0\u00a0\u00a0\u00a0\u00a0\u00a0\u00a0\u00a0\u00a0\u00a0\u00a0\u00a0\u00a0\u00a0\u00a0 \u00a0\u00a0 2 mts\u00a0\u00a0\u00a0\u00a0\u00a0\u00a0\u00a0\u00a0\u00a0\u00a0\u00a0\u00a0\u00a0\u00a0\u00a0\u00a0\u00a0\u00a0\u00a0\u00a0\u00a0\u00a0\u00a0\u00a0\u00a0\u00a0\u00a0\u00a0\u00a0\u00a0\u00a0\u00a0\u00a0\u00a0\u00a0\u00a0\u00a0\u00a0\u00a0\u00a0\u00a0\u00a0\u00a0\u00a0\u00a0\u00a0\u00a0\u00a0 \u00a0\u00a0\u00a0\u00a0 3 mts<\/p>\n<p><strong>PATCH PANEL: <\/strong><\/p>\n<p>Un\u00a0patch panel\u00a0es un dispositivo de red eficaz y flexible para mantener organizado tu centro de datos o sala de servidores<\/p>\n<p>Patch panel 24 puertos<\/p>\n<p>Patch Panel 48 puertos<\/p>\n<p>PACHT PANEL 24 PUERTOS ANGULADO<\/p>\n<p>PACHT PANEL 48 PUERTOS ANGULADO<\/p>\n<p>Bota Protectora rj45<\/p>\n<p><strong>CABLES ELECTRICOS <\/strong><\/p>\n<p>Son conductores el\u00e9ctricos recubiertos de un material aislante que garantiza que el flujo de corriente sea el conductor, el material de los conductores es cobre o aluminio<\/p>\n<ul>\n<li>Alambre \u2013 Desnudo<\/li>\n<li>Cables<\/li>\n<li>Encauchetado<\/li>\n<li>Duplex<\/li>\n<\/ul>\n","protected":false},"featured_media":2311,"comment_status":"open","ping_status":"closed","template":"","meta":{"site-sidebar-layout":"default","site-content-layout":"default","ast-site-content-layout":"default","site-content-style":"default","site-sidebar-style":"default","ast-global-header-display":"","ast-banner-title-visibility":"","ast-main-header-display":"","ast-hfb-above-header-display":"","ast-hfb-below-header-display":"","ast-hfb-mobile-header-display":"","site-post-title":"","ast-breadcrumbs-content":"","ast-featured-img":"","footer-sml-layout":"","ast-disable-related-posts":"","theme-transparent-header-meta":"default","adv-header-id-meta":"","stick-header-meta":"","header-above-stick-meta":"","header-main-stick-meta":"","header-below-stick-meta":"","astra-migrate-meta-layouts":"default","ast-page-background-enabled":"default","ast-page-background-meta":{"desktop":{"background-color":"","background-image":"","background-repeat":"repeat","background-position":"center center","background-size":"auto","background-attachment":"scroll","background-type":"","background-media":"","overlay-type":"","overlay-color":"","overlay-opacity":"","overlay-gradient":""},"tablet":{"background-color":"","background-image":"","background-repeat":"repeat","background-position":"center center","background-size":"auto","background-attachment":"scroll","background-type":"","background-media":"","overlay-type":"","overlay-color":"","overlay-opacity":"","overlay-gradient":""},"mobile":{"background-color":"","background-image":"","background-repeat":"repeat","background-position":"center center","background-size":"auto","background-attachment":"scroll","background-type":"","background-media":"","overlay-type":"","overlay-color":"","overlay-opacity":"","overlay-gradient":""}},"ast-content-background-meta":{"desktop":{"background-color":"var(--ast-global-color-5)","background-image":"","background-repeat":"repeat","background-position":"center center","background-size":"auto","background-attachment":"scroll","background-type":"","background-media":"","overlay-type":"","overlay-color":"","overlay-opacity":"","overlay-gradient":""},"tablet":{"background-color":"var(--ast-global-color-5)","background-image":"","background-repeat":"repeat","background-position":"center center","background-size":"auto","background-attachment":"scroll","background-type":"","background-media":"","overlay-type":"","overlay-color":"","overlay-opacity":"","overlay-gradient":""},"mobile":{"background-color":"var(--ast-global-color-5)","background-image":"","background-repeat":"repeat","background-position":"center center","background-size":"auto","background-attachment":"scroll","background-type":"","background-media":"","overlay-type":"","overlay-color":"","overlay-opacity":"","overlay-gradient":""}}},"product_brand":[],"product_cat":[58],"product_tag":[],"class_list":{"0":"post-2310","1":"product","2":"type-product","3":"status-publish","4":"has-post-thumbnail","6":"product_cat-cableadoestructurado","7":"desktop-align-left","8":"tablet-align-left","9":"mobile-align-left","11":"first","12":"instock","13":"shipping-taxable","14":"product-type-simple"},"_links":{"self":[{"href":"https:\/\/lyaelectricosyconstrucciones.com\/index.php?rest_route=\/wp\/v2\/product\/2310","targetHints":{"allow":["GET"]}}],"collection":[{"href":"https:\/\/lyaelectricosyconstrucciones.com\/index.php?rest_route=\/wp\/v2\/product"}],"about":[{"href":"https:\/\/lyaelectricosyconstrucciones.com\/index.php?rest_route=\/wp\/v2\/types\/product"}],"replies":[{"embeddable":true,"href":"https:\/\/lyaelectricosyconstrucciones.com\/index.php?rest_route=%2Fwp%2Fv2%2Fcomments&post=2310"}],"wp:featuredmedia":[{"embeddable":true,"href":"https:\/\/lyaelectricosyconstrucciones.com\/index.php?rest_route=\/wp\/v2\/media\/2311"}],"wp:attachment":[{"href":"https:\/\/lyaelectricosyconstrucciones.com\/index.php?rest_route=%2Fwp%2Fv2%2Fmedia&parent=2310"}],"wp:term":[{"taxonomy":"product_brand","embeddable":true,"href":"https:\/\/lyaelectricosyconstrucciones.com\/index.php?rest_route=%2Fwp%2Fv2%2Fproduct_brand&post=2310"},{"taxonomy":"product_cat","embeddable":true,"href":"https:\/\/lyaelectricosyconstrucciones.com\/index.php?rest_route=%2Fwp%2Fv2%2Fproduct_cat&post=2310"},{"taxonomy":"product_tag","embeddable":true,"href":"https:\/\/lyaelectricosyconstrucciones.com\/index.php?rest_route=%2Fwp%2Fv2%2Fproduct_tag&post=2310"}],"curies":[{"name":"wp","href":"https:\/\/api.w.org\/{rel}","templated":true}]}}