{"id":2330,"date":"2022-12-12T05:08:40","date_gmt":"2022-12-12T05:08:40","guid":{"rendered":"https:\/\/lyaelectricosyconstrucciones.com\/?post_type=product&#038;p=2330"},"modified":"2026-03-10T00:10:17","modified_gmt":"2026-03-10T00:10:17","slug":"2330","status":"publish","type":"product","link":"https:\/\/lyaelectricosyconstrucciones.com\/?product=2330","title":{"rendered":"ILUMINACION PROFESIONAL"},"content":{"rendered":"<p><strong>ILUMINACION PROFESIONAL: <\/strong><\/p>\n<p>Una l\u00e1mpara puede cumplir funciones diferentes seg\u00fan su uso y su disposici\u00f3n.<\/p>\n<p><strong>LINEAL MINI &#8211;\u00a0 120 CM DE LARGO HASTA 240 CM . <\/strong><\/p>\n<p><strong>LUMINARIA TIPO SATELITE &#8211; 60 CM &#8211; 90 CM &#8211; 120 CM. <\/strong><\/p>\n<p><strong>\u00a0<\/strong>PERFILES ALUMINIO LED<\/p>\n<p>El\u00a0perfil de aluminio para cinta LED\u00a0es una barra hecha de aluminio, a menudo de entre 2 y 3 metros de longitud, dentro de las cuales se colocar\u00e1n las cintas LED.<\/p>\n<p>El material utilizado en esta fabricaci\u00f3n es espec\u00edficamente el aluminio, ya que garantiza una\u00a0mayor y mejor disipaci\u00f3n del calor\u00a0acumulado en el chip<\/p>\n<p>&nbsp;<\/p>\n<p>&nbsp;<\/p>\n<p>&nbsp;<\/p>\n<p>&nbsp;<\/p>\n<p>&nbsp;<\/p>\n<p>&nbsp;<\/p>\n<p>&nbsp;<\/p>\n<p>&nbsp;<\/p>\n<p>&nbsp;<\/p>\n<p>&nbsp;<\/p>\n<p>&nbsp;<\/p>\n<p>&nbsp;<\/p>\n<p>&nbsp;<\/p>\n<p>&nbsp;<\/p>\n<p>&nbsp;<\/p>\n<p>&nbsp;<\/p>\n<p>&nbsp;<\/p>\n<p>&nbsp;<\/p>\n<p>&nbsp;<\/p>\n<p>&nbsp;<\/p>\n<p>&nbsp;<\/p>\n<p>&nbsp;<\/p>\n<p><strong>ILUMINACION EXTERIOR:<\/strong><\/p>\n<p><strong>\u00a0<\/strong><\/p>\n<p>El alumbrado\u00a0exterior\u00a0incluye a toda instalaci\u00f3n de\u00a0iluminaci\u00f3n\u00a0p\u00fablica o privada\u00a0que\u00a0se realiza en un espacio abierto (carretera, calle, parque, edificio, etc.) de uso p\u00fablico. En la actualidad existe una amplia tipolog\u00eda de luminarias dise\u00f1adas para cada espacio y uso.<\/p>\n","protected":false},"excerpt":{"rendered":"<p>ILUMINACION PROFESIONAL: Una l\u00e1mpara puede cumplir funciones diferentes seg\u00fan su uso y su disposici\u00f3n. LINEAL MINI &#8211;\u00a0 120 CM DE LARGO HASTA 240 CM . LUMINARIA TIPO SATELITE &#8211; 60 CM &#8211; 90 CM &#8211; 120 CM. \u00a0PERFILES ALUMINIO LED El\u00a0perfil de aluminio para cinta LED\u00a0es una barra hecha de aluminio, a menudo de entre [&hellip;]<\/p>\n","protected":false},"featured_media":2331,"comment_status":"open","ping_status":"closed","template":"","meta":{"site-sidebar-layout":"default","site-content-layout":"default","ast-site-content-layout":"default","site-content-style":"default","site-sidebar-style":"default","ast-global-header-display":"","ast-banner-title-visibility":"","ast-main-header-display":"","ast-hfb-above-header-display":"","ast-hfb-below-header-display":"","ast-hfb-mobile-header-display":"","site-post-title":"","ast-breadcrumbs-content":"","ast-featured-img":"","footer-sml-layout":"","ast-disable-related-posts":"","theme-transparent-header-meta":"default","adv-header-id-meta":"","stick-header-meta":"","header-above-stick-meta":"","header-main-stick-meta":"","header-below-stick-meta":"","astra-migrate-meta-layouts":"default","ast-page-background-enabled":"default","ast-page-background-meta":{"desktop":{"background-color":"","background-image":"","background-repeat":"repeat","background-position":"center center","background-size":"auto","background-attachment":"scroll","background-type":"","background-media":"","overlay-type":"","overlay-color":"","overlay-opacity":"","overlay-gradient":""},"tablet":{"background-color":"","background-image":"","background-repeat":"repeat","background-position":"center center","background-size":"auto","background-attachment":"scroll","background-type":"","background-media":"","overlay-type":"","overlay-color":"","overlay-opacity":"","overlay-gradient":""},"mobile":{"background-color":"","background-image":"","background-repeat":"repeat","background-position":"center center","background-size":"auto","background-attachment":"scroll","background-type":"","background-media":"","overlay-type":"","overlay-color":"","overlay-opacity":"","overlay-gradient":""}},"ast-content-background-meta":{"desktop":{"background-color":"var(--ast-global-color-5)","background-image":"","background-repeat":"repeat","background-position":"center center","background-size":"auto","background-attachment":"scroll","background-type":"","background-media":"","overlay-type":"","overlay-color":"","overlay-opacity":"","overlay-gradient":""},"tablet":{"background-color":"var(--ast-global-color-5)","background-image":"","background-repeat":"repeat","background-position":"center center","background-size":"auto","background-attachment":"scroll","background-type":"","background-media":"","overlay-type":"","overlay-color":"","overlay-opacity":"","overlay-gradient":""},"mobile":{"background-color":"var(--ast-global-color-5)","background-image":"","background-repeat":"repeat","background-position":"center center","background-size":"auto","background-attachment":"scroll","background-type":"","background-media":"","overlay-type":"","overlay-color":"","overlay-opacity":"","overlay-gradient":""}}},"product_brand":[],"product_cat":[60],"product_tag":[],"class_list":{"0":"post-2330","1":"product","2":"type-product","3":"status-publish","4":"has-post-thumbnail","6":"product_cat-iluminacion","7":"desktop-align-left","8":"tablet-align-left","9":"mobile-align-left","11":"first","12":"instock","13":"shipping-taxable","14":"product-type-simple"},"_links":{"self":[{"href":"https:\/\/lyaelectricosyconstrucciones.com\/index.php?rest_route=\/wp\/v2\/product\/2330","targetHints":{"allow":["GET"]}}],"collection":[{"href":"https:\/\/lyaelectricosyconstrucciones.com\/index.php?rest_route=\/wp\/v2\/product"}],"about":[{"href":"https:\/\/lyaelectricosyconstrucciones.com\/index.php?rest_route=\/wp\/v2\/types\/product"}],"replies":[{"embeddable":true,"href":"https:\/\/lyaelectricosyconstrucciones.com\/index.php?rest_route=%2Fwp%2Fv2%2Fcomments&post=2330"}],"wp:featuredmedia":[{"embeddable":true,"href":"https:\/\/lyaelectricosyconstrucciones.com\/index.php?rest_route=\/wp\/v2\/media\/2331"}],"wp:attachment":[{"href":"https:\/\/lyaelectricosyconstrucciones.com\/index.php?rest_route=%2Fwp%2Fv2%2Fmedia&parent=2330"}],"wp:term":[{"taxonomy":"product_brand","embeddable":true,"href":"https:\/\/lyaelectricosyconstrucciones.com\/index.php?rest_route=%2Fwp%2Fv2%2Fproduct_brand&post=2330"},{"taxonomy":"product_cat","embeddable":true,"href":"https:\/\/lyaelectricosyconstrucciones.com\/index.php?rest_route=%2Fwp%2Fv2%2Fproduct_cat&post=2330"},{"taxonomy":"product_tag","embeddable":true,"href":"https:\/\/lyaelectricosyconstrucciones.com\/index.php?rest_route=%2Fwp%2Fv2%2Fproduct_tag&post=2330"}],"curies":[{"name":"wp","href":"https:\/\/api.w.org\/{rel}","templated":true}]}}