{"id":2337,"date":"2022-12-12T05:39:23","date_gmt":"2022-12-12T05:39:23","guid":{"rendered":"https:\/\/lyaelectricosyconstrucciones.com\/?post_type=product&#038;p=2337"},"modified":"2026-03-10T00:10:11","modified_gmt":"2026-03-10T00:10:11","slug":"marcos-de-incrustar-y-sobreponer","status":"publish","type":"product","link":"https:\/\/lyaelectricosyconstrucciones.com\/?product=marcos-de-incrustar-y-sobreponer","title":{"rendered":"MARCOS DE INCRUSTAR Y SOBREPONER"},"content":{"rendered":"<p><b>INCRUSTAR<\/b><\/p>\n<p><strong>\u00a0<\/strong><\/p>\n<p>Soluci\u00f3n est\u00e9tica que permite realizar mantenimientos e inspecciones<\/p>\n<ul>\n<li>F\u00e1cil de abrir y cerrar<\/li>\n<li>F\u00e1cil de instalar<\/li>\n<li>Refuerzo en las esquinas para mayor estabilidad<\/li>\n<\/ul>\n<p>&nbsp;<\/p>\n<p>Fa\u0301cil instalacio\u0301n en los cielos rasos, u\u0301til para registros de inspeccio\u0301n en placas de yeso, instalacio\u0301n de luminarias, difusores de aire acondicionado, rejillas de ventilacio\u0301n.<\/p>\n<p>&nbsp;<\/p>\n<p>MEDIDAS<\/p>\n<ul>\n<li>20X20<\/li>\n<li>30X30<\/li>\n<li>40X40<\/li>\n<li>50X50<\/li>\n<li>60X60<\/li>\n<li>30X120<\/li>\n<\/ul>\n","protected":false},"excerpt":{"rendered":"<p>INCRUSTAR \u00a0 Soluci\u00f3n est\u00e9tica que permite realizar mantenimientos e inspecciones F\u00e1cil de abrir y cerrar F\u00e1cil de instalar Refuerzo en las esquinas para mayor estabilidad &nbsp; Fa\u0301cil instalacio\u0301n en los cielos rasos, u\u0301til para registros de inspeccio\u0301n en placas de yeso, instalacio\u0301n de luminarias, difusores de aire acondicionado, rejillas de ventilacio\u0301n. &nbsp; MEDIDAS 20X20 30X30 [&hellip;]<\/p>\n","protected":false},"featured_media":2338,"comment_status":"open","ping_status":"closed","template":"","meta":{"site-sidebar-layout":"default","site-content-layout":"default","ast-site-content-layout":"default","site-content-style":"default","site-sidebar-style":"default","ast-global-header-display":"","ast-banner-title-visibility":"","ast-main-header-display":"","ast-hfb-above-header-display":"","ast-hfb-below-header-display":"","ast-hfb-mobile-header-display":"","site-post-title":"","ast-breadcrumbs-content":"","ast-featured-img":"","footer-sml-layout":"","ast-disable-related-posts":"","theme-transparent-header-meta":"default","adv-header-id-meta":"","stick-header-meta":"","header-above-stick-meta":"","header-main-stick-meta":"","header-below-stick-meta":"","astra-migrate-meta-layouts":"default","ast-page-background-enabled":"default","ast-page-background-meta":{"desktop":{"background-color":"","background-image":"","background-repeat":"repeat","background-position":"center center","background-size":"auto","background-attachment":"scroll","background-type":"","background-media":"","overlay-type":"","overlay-color":"","overlay-opacity":"","overlay-gradient":""},"tablet":{"background-color":"","background-image":"","background-repeat":"repeat","background-position":"center center","background-size":"auto","background-attachment":"scroll","background-type":"","background-media":"","overlay-type":"","overlay-color":"","overlay-opacity":"","overlay-gradient":""},"mobile":{"background-color":"","background-image":"","background-repeat":"repeat","background-position":"center center","background-size":"auto","background-attachment":"scroll","background-type":"","background-media":"","overlay-type":"","overlay-color":"","overlay-opacity":"","overlay-gradient":""}},"ast-content-background-meta":{"desktop":{"background-color":"var(--ast-global-color-5)","background-image":"","background-repeat":"repeat","background-position":"center center","background-size":"auto","background-attachment":"scroll","background-type":"","background-media":"","overlay-type":"","overlay-color":"","overlay-opacity":"","overlay-gradient":""},"tablet":{"background-color":"var(--ast-global-color-5)","background-image":"","background-repeat":"repeat","background-position":"center center","background-size":"auto","background-attachment":"scroll","background-type":"","background-media":"","overlay-type":"","overlay-color":"","overlay-opacity":"","overlay-gradient":""},"mobile":{"background-color":"var(--ast-global-color-5)","background-image":"","background-repeat":"repeat","background-position":"center center","background-size":"auto","background-attachment":"scroll","background-type":"","background-media":"","overlay-type":"","overlay-color":"","overlay-opacity":"","overlay-gradient":""}}},"product_brand":[],"product_cat":[60],"product_tag":[],"class_list":{"0":"post-2337","1":"product","2":"type-product","3":"status-publish","4":"has-post-thumbnail","6":"product_cat-iluminacion","7":"desktop-align-left","8":"tablet-align-left","9":"mobile-align-left","11":"first","12":"instock","13":"shipping-taxable","14":"product-type-simple"},"_links":{"self":[{"href":"https:\/\/lyaelectricosyconstrucciones.com\/index.php?rest_route=\/wp\/v2\/product\/2337","targetHints":{"allow":["GET"]}}],"collection":[{"href":"https:\/\/lyaelectricosyconstrucciones.com\/index.php?rest_route=\/wp\/v2\/product"}],"about":[{"href":"https:\/\/lyaelectricosyconstrucciones.com\/index.php?rest_route=\/wp\/v2\/types\/product"}],"replies":[{"embeddable":true,"href":"https:\/\/lyaelectricosyconstrucciones.com\/index.php?rest_route=%2Fwp%2Fv2%2Fcomments&post=2337"}],"wp:featuredmedia":[{"embeddable":true,"href":"https:\/\/lyaelectricosyconstrucciones.com\/index.php?rest_route=\/wp\/v2\/media\/2338"}],"wp:attachment":[{"href":"https:\/\/lyaelectricosyconstrucciones.com\/index.php?rest_route=%2Fwp%2Fv2%2Fmedia&parent=2337"}],"wp:term":[{"taxonomy":"product_brand","embeddable":true,"href":"https:\/\/lyaelectricosyconstrucciones.com\/index.php?rest_route=%2Fwp%2Fv2%2Fproduct_brand&post=2337"},{"taxonomy":"product_cat","embeddable":true,"href":"https:\/\/lyaelectricosyconstrucciones.com\/index.php?rest_route=%2Fwp%2Fv2%2Fproduct_cat&post=2337"},{"taxonomy":"product_tag","embeddable":true,"href":"https:\/\/lyaelectricosyconstrucciones.com\/index.php?rest_route=%2Fwp%2Fv2%2Fproduct_tag&post=2337"}],"curies":[{"name":"wp","href":"https:\/\/api.w.org\/{rel}","templated":true}]}}